ime factors of g?
2, 137
Let d be (1 - 4)*(-4)/12. Let u(h) = h**3 - 3*h + 8. Let x be u(0). Suppose m + d = x. List the prime factors of m.
7
Suppose -3*h - 5*g + 234 = -84, h = -5*g + 106. Let x be (-3)/2 + h/4. Suppose -5*o = -x, 5*y - 111 = 3*o + 4. List the prime factors of y.
2, 13
Suppose 36*p - 35*p - 2 = 0, 2*z - 5*p = 10. List the prime factors of z.
2, 5
Let c(d) = d - 5. Let j be c(6). Let v be (6/9)/(j/(-36)). Let q = 62 + v. List the prime factors of q.
2, 19
Let i(x) = -112*x - 499. What are the prime factors of i(-17)?
5, 281
Let t(h) = h**3 + 7*h**2 - 4. Let o = -7 + 10. Suppose -o*k + 9 = 24. What are the prime factors of t(k)?
2, 23
Let m be (16440/(-90))/(2/(-3)). Suppose m - 91 = k. List the prime factors of k.
3, 61
List the prime factors of (-30)/5*(-10)/(-105)*-497.
2, 71
Let w(q) be the second derivative of 2*q**3 - 5*q**2 - 5*q. List the prime factors of w(6).
2, 31
Let q be (72/(-21))/((-1)/7). Let r(i) = -8*i - 3. Let g be r(-4). Suppose -q*w - 180 = -g*w. List the prime factors of w.
2, 3
Let m = 2154 - -199. What are the prime factors of m?
13, 181
Suppose -4*v + 3*h + 404 = 0, -v - 3*h + 83 = -33. What are the prime factors of v?
2, 13
Suppose 0 = -5*s - 4*v + 4854, -v - 116 = -s + 853. What are the prime factors of s?
2, 5, 97
Let r = -45 - -128. Suppose -j + r = -20. List the prime factors of j.
103
Let g = 1005 + -543. List the prime factors of g.
2, 3, 7, 11
Let o = -640 - -1722. What are the prime factors of o?
2, 541
Suppose -7*f + 5*i + 10067 = -3*f, 4*f - i = 10087. What are the prime factors of f?
3, 29
Let g(a) = 2*a**3 - 6*a**2 - 32*a + 14. What are the prime factors of g(9)?
2, 349
Let n(k) = 6*k**2 + 13*k + 5. Let c be n(-9). Suppose c = 4*a + 114. List the prime factors of a.
5, 13
Let g(w) = -w**2 + 3*w + 1. Let i be g(4). Let x be (-12)/(-8)*(-10)/i. Suppose -4 = x*q - 19, 3*q = a - 16. What are the prime factors of a?
5
Let y(k) = 3*k + 7. Let u(l) = l - 12. Let x be u(0). Let o be y(x). What are the prime factors of (-26)/(-39)*(1 - o)?
2, 5
Let z be -2*((-2 - -2) + 1). Let l(h) = h - 23. Let w be l(6). Let i = z - w. List the prime factors of i.
3, 5
Suppose 2*t + 314 = -2*l, 0*t - 139 = t - 5*l. Let c = 288 + t. List the prime factors of c.
2, 67
Suppose -3*d + 672 = -4*a - 1846, 0 = -3*d - 3*a + 2511. List the prime factors of d.
2, 419
Suppose 0 = 2*i + i - 27. Suppose -104 = 5*k - i*k. List the prime factors of k.
2, 13
Let j = 3887 + -2297. List the prime factors of j.
2, 3, 5, 53
Let u(y) = -3*y**2 - 7*y. Let f(j) = j**3 + 7*j**2 + 15*j + 1. Let l(x) = -4*f(x) - 9*u(x). What are the prime factors of l(-3)?
2, 43
Suppose -2*y + y = -41. Suppose 4*r - r - m - 112 = 0, r - 4*m - y = 0. What are the prime factors of r?
37
Suppose -5*k = 4*l + 15 - 57, -4 = 2*l. Let s = k - 15. List the prime factors of (-60)/(-75) + (-11)/s.
3
Let b = 18 + -7. Suppose -b*a = -4*a - 182. List the prime factors of a.
2, 13
Suppose 3*h = 3*s - 18, 4 + 12 = s + 4*h. Let b = s + -4. List the prime factors of b/7 - 164/(-7).
2, 3
Suppose 22*q - 19*q - 174 = 0. What are the prime factors of q?
2, 29
Let a(d) = 2*d**2 + 37*d + 173. List the prime factors of a(-44).
2417
Let z be -3 + 9 + -3 + 1. Suppose -3*p + 2*a - a + 62 = 0, -z*a = 2*p - 18. List the prime factors of p.
19
Let s(d) = 3*d. Let t(f) = 3*f + 36. Let x be t(-11). What are the prime factors of s(x)?
3
Let t(n) = n + 5. Let s(u) = 2. Let h(m) = -9*s(m) + 4*t(m). Let p be h(1). Suppose 8*f - 30 = p*f. List the prime factors of f.
3, 5
Suppose 36 = -2*m - 2*u, -2*m + 0*m + u - 24 = 0. Let n(w) = w**2 - 6. List the prime factors of n(m).
2, 5, 19
Let u be 4/((-8)/(-15)) + 10/(-20). Suppose 0 = u*o - 5*o - 50. List the prime factors of o.
5
Suppose -z - 567 = -569, z - 15867 = -5*i. List the prime factors of i.
19, 167
Suppose 5*k + 4*w = 2421 + 3744, 0 = -2*k + 3*w + 2443. What are the prime factors of k?
1229
What are the prime factors of ((-4)/10)/((-1)/1205)?
2, 241
Suppose 0 - 5 = -w. Suppose 16 + 110 = 4*r + j, 4*r - 4*j = 116. Suppose -w*z + 9 = -r. List the prime factors of z.
2
Let n(g) = 13*g - 60. List the prime factors of n(11).
83
Suppose d - 9 = -2*d. Suppose -2*h = -3*u + 5 + 14, d*u - 3*h = 24. Let j = 15 - u. List the prime factors of j.
2, 3
Suppose -2*j = 4*j. Suppose j = -3*c + 5*c - 6. Suppose -4*t - 30 = -7*t + 2*m, 0 = -2*t - c*m + 7. List the prime factors of t.
2
Let a = -21 + -25. Let r = -19 - a. List the prime factors of r.
3
Let j be -1 + (4*3)/3. Let x be (-6)/(j + 9/(-2)). Suppose -5*h = -x*v - 55, 2*h + 4 = v + 29. What are the prime factors of h?
3, 5
Let t(s) = 7*s**3 - 2*s**2 - 3*s + 2. Suppose -5*n + 1 = 4*w + 3, 2*w = 4*n + 12. What are the prime factors of t(w)?
2, 11
Suppose 3*u = 12, -4*u = -r + 2*r - 18. Suppose -r*z + 3 + 47 = 0. Suppose -3*j + m = -2*m - 15, 3*m - z = -2*j. What are the prime factors of j?
2
Suppose 0 = -2*h + f + 15, 2*h - 18 = 2*f - 0. List the prime factors of (-3)/(9/h)*(-101 + 1).
2, 5
Let o(z) = -66*z + 24. What are the prime factors of o(-17)?
2, 3, 191
Suppose 13*w = 9*w + 32. Suppose 0 = -w*j + 5*j + 54. List the prime factors of j.
2, 3
Let i(h) = -h + 11. Let k be i(7). Suppose -k*b - 3*g = -148, 4*g + 30 = b - 7. What are the prime factors of b?
37
Let z(d) be the second derivative of 5*d**4/6 - d**3/6 - 7*d**2/2 + 7*d. List the prime factors of z(-4).
157
Let j(s) = s**3 + 18*s**2 + 19*s + 17. Let n = 24 + -41. Let p be j(n). Let l = 71 + p. List the prime factors of l.
2, 3
What are the prime factors of 267*(2/9)/(45/135)?
2, 89
Let q = 579 + -1423. What are the prime factors of (-2)/(q/(-424) + -2)?
2, 53
Let x be 390/50 + 2/10. Let s be (-16 - 9/(-3))/(-1). Let a = s - x. List the prime factors of a.
5
Let c(t) = -67*t**2 - 9*t + 4. Let w(s) = 4*s - 3*s**2 - 14*s**2 + 0*s + 1 - 6*s. Let y(a) = 2*c(a) - 9*w(a). List the prime factors of y(1).
2, 3
Let p(u) = -19*u**3 + 2*u**2 - 13*u - 3. List the prime factors of p(-5).
3, 829
Suppose -21*l + 9916 + 4805 = 0. What are the prime factors of l?
701
Let r = 18 + -13. Let a(v) = -6*v + 8. Let n(k) = k. Let j(f) = r*n(f) + a(f). What are the prime factors of j(0)?
2
Let i(c) = 12*c + 225. What are the prime factors of i(7)?
3, 103
Suppose -3482 = -2*s - m, 2*s + 2*m + 195 = 3675. What are the prime factors of s?
2, 13, 67
Let q(o) = 24*o**2 - 8*o - 99. List the prime factors of q(9).
3, 197
Suppose -20 = 6*j - 11*j. Suppose 2*a - 3*n + 184 - 536 = 0, j*a - 5*n = 700. List the prime factors of a.
2, 5, 17
Suppose q + 1 = 5. Suppose -q*x + 2 = -3*x. Let r(v) = 15*v - 2. What are the prime factors of r(x)?
2, 7
Suppose 0 = -3*t + h + 2774, t + 3*h - 597 = 341. List the prime factors of t.
2, 463
Suppose -7*f = -9*f - 12. Let d be 1 + 0 - (f + 4). Suppose 0*i - d*i + 39 = 0. What are the prime factors of i?
13
What are the prime factors of (1 - 1/(-3))/(3/4239)?
2, 3, 157
Let y be (-79 + 1)*2/(-3). Let h = -7 + y. List the prime factors of 4/(-18) - (-415)/h.
3
Let i be 3/(-1) - (-90)/(-2). Let w = i + 80. Let g = -20 + w. List the prime factors of g.
2, 3
Let t = 11 + -9. List the prime factors of t.
2
Let k = -1810 - -3291. What are the prime factors of k?
1481
Suppose 23*g = -6*g + 25027. What are the prime factors of g?
863
Suppose -3*x - 123 = -5*t, 4*t - 7*x = -2*x + 101. Let b(j) = 3*j**3 - j + 1. Let p be b(1). What are the prime factors of 40 - (t/2)/p?
2, 3
Suppose -4*q + 12*q = -40. Let y(n) = n**2 + 5*n - 1. Let c be y(q). List the prime factors of -2 - (3/c - 25).
2, 13
Let c = 279 + -197. Suppose 4*g + 5*n - 120 = -0*n, 2*g = 3*n + c. List the prime factors of g.
5, 7
List the prime factors of ((-5)/(60/618))/((-4)/144).
2, 3, 103
Suppose x = -2*r + 10, r - 3*r = -4*x. Suppose o + x*o - 168 = 0. List the prime factors of o.
2, 7
Let n be 15*(2 + (-35)/15). Let q(b) = 2*b**2 - 7*b + 1. List the prime factors of q(n).
2, 43
Let f = 3206 - 1500. List the prime factors of f.
2, 853
Let g(q) = -13*q + 19. Let f be g(-10). Let u = f + -65. Suppose 3*a - 4 - u = -4*i, 3*a + i = 94. What are the prime factors of a?
2
Let j = 42 + 571. List the prime factors of j.
613
Suppose 0 = 53*o - 107809 - 33118. List the prime factors of o.
2659
Let v(q) = -4*q + 23. Let t be v(7). What are the prime factors of 1 + (2/(-6))/(t/2460)?
3, 5, 11
